{"id":190,"date":"2017-11-14T15:56:45","date_gmt":"2017-11-14T17:56:45","guid":{"rendered":"http:\/\/arcopremoldados.com.br\/site\/?page_id=190"},"modified":"2023-09-16T02:02:45","modified_gmt":"2023-09-16T05:02:45","slug":"empresa","status":"publish","type":"page","link":"https:\/\/arcopremoldados.com.br\/site\/empresa\/","title":{"rendered":"EMPRESA"},"content":{"rendered":"<p>[et_pb_section fb_built=&#8221;1&#8243; _builder_version=&#8221;4.22.1&#8243; background_color=&#8221;#085da8&#8243; global_colors_info=&#8221;{}&#8221;][et_pb_row custom_padding_last_edited=&#8221;on|tablet&#8221; _builder_version=&#8221;4.16&#8243; custom_padding=&#8221;||0px||false|false&#8221; custom_padding_tablet=&#8221;||10%||false|false&#8221; custom_padding_phone=&#8221;&#8221; global_colors_info=&#8221;{}&#8221;][et_pb_column type=&#8221;4_4&#8243; _builder_version=&#8221;4.16&#8243; custom_padding=&#8221;|||&#8221; global_colors_info=&#8221;{}&#8221; custom_padding__hover=&#8221;|||&#8221;][et_pb_post_title meta=&#8221;off&#8221; featured_image=&#8221;off&#8221; _builder_version=&#8221;4.22.1&#8243; title_level=&#8221;h2&#8243; title_font=&#8221;Cabin||||||||&#8221; title_text_color=&#8221;#FFFFFF&#8221; custom_margin=&#8221;||4px|||&#8221; custom_padding=&#8221;||||false|false&#8221; custom_padding_tablet=&#8221;15%||||false|false&#8221; custom_padding_phone=&#8221;&#8221; custom_padding_last_edited=&#8221;on|desktop&#8221; title_font_size_tablet=&#8221;26px&#8221; title_font_size_phone=&#8221;26px&#8221; title_font_size_last_edited=&#8221;on|phone&#8221; global_colors_info=&#8221;{}&#8221;][\/et_pb_post_title][\/et_pb_column][\/et_pb_row][et_pb_row column_structure=&#8221;2_5,3_5&#8243; use_custom_gutter=&#8221;on&#8221; gutter_width=&#8221;2&#8243; custom_padding_last_edited=&#8221;on|tablet&#8221; _builder_version=&#8221;4.17.4&#8243; custom_padding=&#8221;0px||0px||true|false&#8221; custom_padding_tablet=&#8221;||10%||false|false&#8221; custom_padding_phone=&#8221;&#8221; global_colors_info=&#8221;{}&#8221;][et_pb_column type=&#8221;2_5&#8243; _builder_version=&#8221;4.17.4&#8243; background_enable_image=&#8221;off&#8221; parallax=&#8221;on&#8221; custom_padding=&#8221;||||true|false&#8221; global_colors_info=&#8221;{}&#8221; custom_padding__hover=&#8221;|||&#8221;][et_pb_image src=&#8221;https:\/\/arcopremoldados.com.br\/site\/wp-content\/uploads\/2022\/07\/lojaarco22-e1657231920556.jpg&#8221; title_text=&#8221;lojaarco22&#8243; _builder_version=&#8221;4.17.4&#8243; _module_preset=&#8221;default&#8221; custom_margin=&#8221;0px|0px|0px|0px|false|false&#8221; custom_padding=&#8221;0px|0px|0px|0px|false|false&#8221; global_colors_info=&#8221;{}&#8221;][\/et_pb_image][\/et_pb_column][et_pb_column type=&#8221;3_5&#8243; _builder_version=&#8221;4.17.4&#8243; custom_padding=&#8221;|||&#8221; global_colors_info=&#8221;{}&#8221; custom_padding__hover=&#8221;|||&#8221;][et_pb_text _builder_version=&#8221;4.22.1&#8243; text_font=&#8221;Cabin||||||||&#8221; text_text_color=&#8221;#FFFFFF&#8221; text_line_height=&#8221;1.6em&#8221; text_font_size_tablet=&#8221;20px&#8221; text_font_size_phone=&#8221;&#8221; text_font_size_last_edited=&#8221;on|phone&#8221; global_colors_info=&#8221;{}&#8221;]<\/p>\n<p><strong>Arco Pr\u00e9-Moldados<\/strong> est\u00e1 sempre empenhada na obten\u00e7\u00e3o permanente da satisfa\u00e7\u00e3o de seus clientes e se destaca no mercado pelas seguintes caracter\u00edsticas:<br \/>&#8211; Somos uma empresa consolidada no mercado com mais de 30 anos de experi\u00eancia atuando na fabrica\u00e7\u00e3o de artefatos de cimento.<br \/>&#8211; Qualidade no atendimento. A mercadoria \u00e9 fornecida de acordo com a prefer\u00eancia do cliente, respeitando as etapas de entrega conforme sua solicita\u00e7\u00e3o.<br \/>&#8211;\u00a0 Pre\u00e7os competitivos.\u00a0 Satisfa\u00e7\u00e3o do cliente garantida.<\/p>\n<p>[\/et_pb_text][\/et_pb_column][\/et_pb_row][\/et_pb_section]<\/p>\n","protected":false},"excerpt":{"rendered":"<p>Arco Pr\u00e9-Moldados est\u00e1 sempre empenhada na obten\u00e7\u00e3o permanente da satisfa\u00e7\u00e3o de seus clientes e se destaca no mercado pelas seguintes caracter\u00edsticas:- Somos uma empresa consolidada no mercado com mais de 30 anos de experi\u00eancia atuando na fabrica\u00e7\u00e3o de artefatos de cimento.- Qualidade no atendimento. A mercadoria \u00e9 fornecida de acordo com a prefer\u00eancia do cliente, [&hellip;]<\/p>\n","protected":false},"author":1,"featured_media":0,"parent":0,"menu_order":2,"comment_status":"closed","ping_status":"closed","template":"","meta":{"_et_pb_use_builder":"on","_et_pb_old_content":"<p class=\"texto\" align=\"justify\">Empenhada na obten\u00e7\u00e3o permanente da satisfa\u00e7\u00e3o de seus clientes, a<strong>\u00a0Arco Pr\u00e9-Moldados<\/strong>\u00a0se destaca no mercado pelas seguintes caracter\u00edsticas:<\/p><p class=\"texto\" align=\"justify\">- Qualidade no atendimento. A mercadoria \u00e9 fornecida de acordo com a prefer\u00eancia do cliente, respeitando as etapas de entrega conforme sua solicita\u00e7\u00e3o.<\/p><p class=\"texto\" align=\"justify\">-\u00a0 Pre\u00e7os competitivos.\u00a0 Satisfa\u00e7\u00e3o do cliente garantida.<\/p>","_et_gb_content_width":"","footnotes":""},"class_list":["post-190","page","type-page","status-publish","hentry"],"_links":{"self":[{"href":"https:\/\/arcopremoldados.com.br\/site\/wp-json\/wp\/v2\/pages\/190","targetHints":{"allow":["GET"]}}],"collection":[{"href":"https:\/\/arcopremoldados.com.br\/site\/wp-json\/wp\/v2\/pages"}],"about":[{"href":"https:\/\/arcopremoldados.com.br\/site\/wp-json\/wp\/v2\/types\/page"}],"author":[{"embeddable":true,"href":"https:\/\/arcopremoldados.com.br\/site\/wp-json\/wp\/v2\/users\/1"}],"replies":[{"embeddable":true,"href":"https:\/\/arcopremoldados.com.br\/site\/wp-json\/wp\/v2\/comments?post=190"}],"version-history":[{"count":28,"href":"https:\/\/arcopremoldados.com.br\/site\/wp-json\/wp\/v2\/pages\/190\/revisions"}],"predecessor-version":[{"id":1897,"href":"https:\/\/arcopremoldados.com.br\/site\/wp-json\/wp\/v2\/pages\/190\/revisions\/1897"}],"wp:attachment":[{"href":"https:\/\/arcopremoldados.com.br\/site\/wp-json\/wp\/v2\/media?parent=190"}],"curies":[{"name":"wp","href":"https:\/\/api.w.org\/{rel}","templated":true}]}}